{"version":"1.0","provider_name":"Mennonite World Conference","provider_url":"https:\/\/mwc-cmm.org\/es\/","author_name":"mennworldcon","author_url":"https:\/\/mwc-cmm.org\/es\/stories\/author\/mennworldcon\/","title":"Domingo de la Paz 2021 - Recursos did\u00e1cticos - Mennonite World Conference","type":"rich","width":600,"height":338,"html":"<blockquote class=\"wp-embedded-content\" data-secret=\"6WUPeDZOhD\"><a href=\"https:\/\/mwc-cmm.org\/es\/resources\/domingo-de-la-paz-2021-recursos-didacticos\/\">Domingo de la Paz 2021 &#8211; Recursos did\u00e1cticos<\/a><\/blockquote><iframe sandbox=\"allow-scripts\" security=\"restricted\" src=\"https:\/\/mwc-cmm.org\/es\/resources\/domingo-de-la-paz-2021-recursos-didacticos\/embed\/#?secret=6WUPeDZOhD\" width=\"600\" height=\"338\" title=\"\u00abDomingo de la Paz 2021 &#8211; Recursos did\u00e1cticos\u00bb \u2014 Mennonite World Conference\" data-secret=\"6WUPeDZOhD\" frameborder=\"0\" marginwidth=\"0\" marginheight=\"0\" scrolling=\"no\" class=\"wp-embedded-content\"><\/iframe><script>\n\/*! This file is auto-generated *\/\n!function(d,l){\"use strict\";l.querySelector&&d.addEventListener&&\"undefined\"!=typeof URL&&(d.wp=d.wp||{},d.wp.receiveEmbedMessage||(d.wp.receiveEmbedMessage=function(e){var t=e.data;if((t||t.secret||t.message||t.value)&&!\/[^a-zA-Z0-9]\/.test(t.secret)){for(var s,r,n,a=l.querySelectorAll('iframe[data-secret=\"'+t.secret+'\"]'),o=l.querySelectorAll('blockquote[data-secret=\"'+t.secret+'\"]'),c=new RegExp(\"^https?:$\",\"i\"),i=0;i<o.length;i++)o[i].style.display=\"none\";for(i=0;i<a.length;i++)s=a[i],e.source===s.contentWindow&&(s.removeAttribute(\"style\"),\"height\"===t.message?(1e3<(r=parseInt(t.value,10))?r=1e3:~~r<200&&(r=200),s.height=r):\"link\"===t.message&&(r=new URL(s.getAttribute(\"src\")),n=new URL(t.value),c.test(n.protocol))&&n.host===r.host&&l.activeElement===s&&(d.top.location.href=t.value))}},d.addEventListener(\"message\",d.wp.receiveEmbedMessage,!1),l.addEventListener(\"DOMContentLoaded\",function(){for(var e,t,s=l.querySelectorAll(\"iframe.wp-embedded-content\"),r=0;r<s.length;r++)(t=(e=s[r]).getAttribute(\"data-secret\"))||(t=Math.random().toString(36).substring(2,12),e.src+=\"#?secret=\"+t,e.setAttribute(\"data-secret\",t)),e.contentWindow.postMessage({message:\"ready\",secret:t},\"*\")},!1)))}(window,document);\n\/\/# sourceURL=https:\/\/mwc-cmm.org\/wp-includes\/js\/wp-embed.min.js\n<\/script>\n","thumbnail_url":"https:\/\/mwc-cmm.org\/wp-content\/uploads\/2024\/11\/adrianarodriguez1-scaled.jpg","thumbnail_width":2560,"thumbnail_height":1700,"description":"Encontrando Esperanza Y Curaci\u00f3n En La Crisis Jes\u00fas caminando sobre el agua (Mateo&nbsp;14,22-33) y Jes\u00fas calmando la tormenta (Mateo&nbsp;8,23-27 y Marco&nbsp;4,35-41). \u00bfPuedes imaginar a Jes\u00fas caminando sobre las aguas turbulentas que azotaban la barca? o \u00bfImaginas la tormenta fuerte con olas que cubr\u00edan la barca? Es entendible el miedo de los disc\u00edpulos que hasta les [&hellip;]"}

Domingo de la Paz 2021 - Recursos didácticos - Mennonite World Conference

<blockquote class="wp-embedded-content" data-secret="6WUPeDZOhD"><a href="https://mwc-cmm.org/es/resources/domingo-de-la-paz-2021-recursos-didacticos/">Domingo de la Paz 2021 &#8211; Recursos didácticos</a></blockquote><iframe sandbox="allow-scripts" security="restricted" src="https://mwc-cmm.org/es/resources/domingo-de-la-paz-2021-recursos-didacticos/embed/#?secret=6WUPeDZOhD" width="600" height="338" title="«Domingo de la Paz 2021 &#8211; Recursos didácticos» — Mennonite World Conference" data-secret="6WUPeDZOhD" frameborder="0" marginwidth="0" marginheight="0" scrolling="no" class="wp-embedded-content"></iframe><script>
/*! This file is auto-generated */
!function(d,l){"use strict";l.querySelector&&d.addEventListener&&"undefined"!=typeof URL&&(d.wp=d.wp||{},d.wp.receiveEmbedMessage||(d.wp.receiveEmbedMessage=function(e){var t=e.data;if((t||t.secret||t.message||t.value)&&!/[^a-zA-Z0-9]/.test(t.secret)){for(var s,r,n,a=l.querySelectorAll('iframe[data-secret="'+t.secret+'"]'),o=l.querySelectorAll('blockquote[data-secret="'+t.secret+'"]'),c=new RegExp("^https?:$","i"),i=0;i<o.length;i++)o[i].style.display="none";for(i=0;i<a.length;i++)s=a[i],e.source===s.contentWindow&&(s.removeAttribute("style"),"height"===t.message?(1e3<(r=parseInt(t.value,10))?r=1e3:~~r<200&&(r=200),s.height=r):"link"===t.message&&(r=new URL(s.getAttribute("src")),n=new URL(t.value),c.test(n.protocol))&&n.host===r.host&&l.activeElement===s&&(d.top.location.href=t.value))}},d.addEventListener("message",d.wp.receiveEmbedMessage,!1),l.addEventListener("DOMContentLoaded",function(){for(var e,t,s=l.querySelectorAll("iframe.wp-embedded-content"),r=0;r<s.length;r++)(t=(e=s[r]).getAttribute("data-secret"))||(t=Math.random().toString(36).substring(2,12),e.src+="#?secret="+t,e.setAttribute("data-secret",t)),e.contentWindow.postMessage({message:"ready",secret:t},"*")},!1)))}(window,document);
//# sourceURL=https://mwc-cmm.org/wp-includes/js/wp-embed.min.js
</script>

Encontrando Esperanza Y Curación En La Crisis Jesús caminando sobre el agua (Mateo&nbsp;14,22-33) y Jesús calmando la tormenta (Mateo&nbsp;8,23-27 y Marco&nbsp;4,35-41). ¿Puedes imaginar a Jesús caminando sobre las aguas turbulentas que azotaban la barca? o ¿Imaginas la tormenta fuerte con olas que cubrían la barca? Es entendible el miedo de los discípulos que hasta les [&hellip;]
