{"version":"1.0","provider_name":"Mennonite World Conference","provider_url":"https:\/\/mwc-cmm.org\/es\/","author_name":"Stephanie Setiawan","author_url":"https:\/\/mwc-cmm.org\/es\/stories\/author\/stephanie\/","title":"PN-Nov-25-Angola - Mennonite World Conference","type":"rich","width":600,"height":338,"html":"<blockquote class=\"wp-embedded-content\" data-secret=\"W6asJST9K0\"><a href=\"https:\/\/mwc-cmm.org\/es\/prayer\/pn-nov-25-angola\/\">PN-Nov-25-Angola<\/a><\/blockquote><iframe sandbox=\"allow-scripts\" security=\"restricted\" src=\"https:\/\/mwc-cmm.org\/es\/prayer\/pn-nov-25-angola\/embed\/#?secret=W6asJST9K0\" width=\"600\" height=\"338\" title=\"\u00abPN-Nov-25-Angola\u00bb \u2014 Mennonite World Conference\" data-secret=\"W6asJST9K0\" frameborder=\"0\" marginwidth=\"0\" marginheight=\"0\" scrolling=\"no\" class=\"wp-embedded-content\"><\/iframe><script>\n\/*! This file is auto-generated *\/\n!function(d,l){\"use strict\";l.querySelector&&d.addEventListener&&\"undefined\"!=typeof URL&&(d.wp=d.wp||{},d.wp.receiveEmbedMessage||(d.wp.receiveEmbedMessage=function(e){var t=e.data;if((t||t.secret||t.message||t.value)&&!\/[^a-zA-Z0-9]\/.test(t.secret)){for(var s,r,n,a=l.querySelectorAll('iframe[data-secret=\"'+t.secret+'\"]'),o=l.querySelectorAll('blockquote[data-secret=\"'+t.secret+'\"]'),c=new RegExp(\"^https?:$\",\"i\"),i=0;i<o.length;i++)o[i].style.display=\"none\";for(i=0;i<a.length;i++)s=a[i],e.source===s.contentWindow&&(s.removeAttribute(\"style\"),\"height\"===t.message?(1e3<(r=parseInt(t.value,10))?r=1e3:~~r<200&&(r=200),s.height=r):\"link\"===t.message&&(r=new URL(s.getAttribute(\"src\")),n=new URL(t.value),c.test(n.protocol))&&n.host===r.host&&l.activeElement===s&&(d.top.location.href=t.value))}},d.addEventListener(\"message\",d.wp.receiveEmbedMessage,!1),l.addEventListener(\"DOMContentLoaded\",function(){for(var e,t,s=l.querySelectorAll(\"iframe.wp-embedded-content\"),r=0;r<s.length;r++)(t=(e=s[r]).getAttribute(\"data-secret\"))||(t=Math.random().toString(36).substring(2,12),e.src+=\"#?secret=\"+t,e.setAttribute(\"data-secret\",t)),e.contentWindow.postMessage({message:\"ready\",secret:t},\"*\")},!1)))}(window,document);\n\/\/# sourceURL=https:\/\/mwc-cmm.org\/wp-includes\/js\/wp-embed.min.js\n<\/script>\n","thumbnail_url":"https:\/\/mwc-cmm.org\/wp-content\/uploads\/2025\/06\/20230122DanielCangangelaNelsonDSC_2272-scaled.jpg","thumbnail_width":2560,"thumbnail_height":1707,"description":"Oremos por la unidad de la iglesia en Angola. El gobierno acaba de tomar medidas dif\u00edciles que culminaron con la revocaci\u00f3n del estatus legal de algunas iglesias en el pa\u00eds. Que Dios abra los ojos para comprender el coraz\u00f3n de Dios por la salvaci\u00f3n de las almas que quedar\u00edan dispersas sin un lugar de adoraci\u00f3n. [&hellip;]"}

Oremos por la unidad de la iglesia en Angola. El gobierno acaba de tomar medidas difíciles que culminaron con la revocación del estatus legal de algunas iglesias en el país. Que Dios abra los ojos para comprender el corazón de Dios por la salvación de las almas que quedarían dispersas sin un lugar de adoración. [&hellip;]
