{"version":"1.0","provider_name":"Mennonite World Conference","provider_url":"https:\/\/mwc-cmm.org\/es\/","author_name":"Stephanie Setiawan","author_url":"https:\/\/mwc-cmm.org\/es\/stories\/author\/stephanie\/","title":"PN-July-25-DRC - Mennonite World Conference","type":"rich","width":600,"height":338,"html":"<blockquote class=\"wp-embedded-content\" data-secret=\"4UPfPcRV1q\"><a href=\"https:\/\/mwc-cmm.org\/es\/prayer\/pn-july-25-drc\/\">PN-July-25-DRC<\/a><\/blockquote><iframe sandbox=\"allow-scripts\" security=\"restricted\" src=\"https:\/\/mwc-cmm.org\/es\/prayer\/pn-july-25-drc\/embed\/#?secret=4UPfPcRV1q\" width=\"600\" height=\"338\" title=\"\u00abPN-July-25-DRC\u00bb \u2014 Mennonite World Conference\" data-secret=\"4UPfPcRV1q\" frameborder=\"0\" marginwidth=\"0\" marginheight=\"0\" scrolling=\"no\" class=\"wp-embedded-content\"><\/iframe><script>\n\/*! This file is auto-generated *\/\n!function(d,l){\"use strict\";l.querySelector&&d.addEventListener&&\"undefined\"!=typeof URL&&(d.wp=d.wp||{},d.wp.receiveEmbedMessage||(d.wp.receiveEmbedMessage=function(e){var t=e.data;if((t||t.secret||t.message||t.value)&&!\/[^a-zA-Z0-9]\/.test(t.secret)){for(var s,r,n,a=l.querySelectorAll('iframe[data-secret=\"'+t.secret+'\"]'),o=l.querySelectorAll('blockquote[data-secret=\"'+t.secret+'\"]'),c=new RegExp(\"^https?:$\",\"i\"),i=0;i<o.length;i++)o[i].style.display=\"none\";for(i=0;i<a.length;i++)s=a[i],e.source===s.contentWindow&&(s.removeAttribute(\"style\"),\"height\"===t.message?(1e3<(r=parseInt(t.value,10))?r=1e3:~~r<200&&(r=200),s.height=r):\"link\"===t.message&&(r=new URL(s.getAttribute(\"src\")),n=new URL(t.value),c.test(n.protocol))&&n.host===r.host&&l.activeElement===s&&(d.top.location.href=t.value))}},d.addEventListener(\"message\",d.wp.receiveEmbedMessage,!1),l.addEventListener(\"DOMContentLoaded\",function(){for(var e,t,s=l.querySelectorAll(\"iframe.wp-embedded-content\"),r=0;r<s.length;r++)(t=(e=s[r]).getAttribute(\"data-secret\"))||(t=Math.random().toString(36).substring(2,12),e.src+=\"#?secret=\"+t,e.setAttribute(\"data-secret\",t)),e.contentWindow.postMessage({message:\"ready\",secret:t},\"*\")},!1)))}(window,document);\n\/\/# sourceURL=https:\/\/mwc-cmm.org\/wp-includes\/js\/wp-embed.min.js\n<\/script>\n","thumbnail_url":"https:\/\/mwc-cmm.org\/wp-content\/uploads\/2025\/08\/20231022SiakaTraoreIMG_2110-scaled.jpg","thumbnail_width":2560,"thumbnail_height":1657,"description":"Alabado sea Dios por las iglesias de la RD del Congo que contin\u00faan compartiendo el evangelio en medio de la guerra en la regi\u00f3n oriental. Oremos por aquellas personas que est\u00e1n directamente afectadas por la violencia y el sufrimiento del conflicto. El CMM tiene cuatro iglesias miembros en la RD del Congo. Foto: Eglise Communaute [&hellip;]"}

Alabado sea Dios por las iglesias de la RD del Congo que continúan compartiendo el evangelio en medio de la guerra en la región oriental. Oremos por aquellas personas que están directamente afectadas por la violencia y el sufrimiento del conflicto. El CMM tiene cuatro iglesias miembros en la RD del Congo. Foto: Eglise Communaute [&hellip;]
