{"id":17120,"date":"2020-09-19T17:39:57","date_gmt":"2020-09-19T17:39:57","guid":{"rendered":"https:\/\/mwc-cmm.org\/en\/resources\/gebetswoche-zur-covid-19-pandemie\/"},"modified":"2024-12-13T00:34:42","modified_gmt":"2024-12-13T00:34:42","slug":"gebetswoche-zur-covid-19-pandemie","status":"publish","type":"mwcresource","link":"https:\/\/mwc-cmm.org\/de\/resources\/gebetswoche-zur-covid-19-pandemie\/","title":{"rendered":"Gebetswoche zur COVID-19-Pandemie"},"content":{"rendered":"\n<p class=\"has-text-align-center\"><strong>Montag, 22. M\u00e4rz 2021<\/strong><\/p>\n\n\n\n<p class=\"has-text-align-center\"><strong>Tag 1<\/strong><\/p>\n\n\n\n<p class=\"has-text-align-center\"><strong>Klagegebete<\/strong><\/p>\n\n\n\n<hr class=\"wp-block-separator has-alpha-channel-opacity\"\/>\n\n\n\n<p class=\"has-text-align-center\"><strong>Dienstag, 23. M\u00e4rz 2021<\/strong><\/p>\n\n\n\n<p class=\"has-text-align-center\"><strong>Tag 2<\/strong><\/p>\n\n\n\n<p class=\"has-text-align-center\"><strong>Gebete f\u00fcr Gemeinschaften in Schmerz und Leid<\/strong><\/p>\n\n\n\n<hr class=\"wp-block-separator has-alpha-channel-opacity\"\/>\n\n\n\n<p class=\"has-text-align-center\"><strong>Mittwoch, 24. M\u00e4rz 2021<\/strong><\/p>\n\n\n\n<p class=\"has-text-align-center\"><strong>Tag 3<\/strong><\/p>\n\n\n\n<p class=\"has-text-align-center\"><strong><strong>Gebete f\u00fcr F\u00fchrungskr\u00e4fte<\/strong><\/strong><\/p>\n\n\n\n<hr class=\"wp-block-separator has-alpha-channel-opacity\"\/>\n\n\n\n<p class=\"has-text-align-center\"><strong>Donnerstag, 25. M\u00e4rz 2021<\/strong><\/p>\n\n\n\n<p class=\"has-text-align-center\"><strong>Tag 4<\/strong><\/p>\n\n\n\n<p class=\"has-text-align-center\"><strong>Gebete um Heilung<\/strong><\/p>\n\n\n\n<hr class=\"wp-block-separator has-alpha-channel-opacity\"\/>\n\n\n\n<p class=\"has-text-align-center\"><strong>Freitag, 26. M\u00e4rz 2021<\/strong><\/p>\n\n\n\n<p class=\"has-text-align-center\"><strong>Tag 5<\/strong><\/p>\n\n\n\n<p class=\"has-text-align-center\"><strong>Gebete um Schutz<\/strong><\/p>\n\n\n\n<div data-wp-interactive=\"core\/file\" class=\"wp-block-file\"><object data-wp-bind--hidden=\"!state.hasPdfPreview\" hidden class=\"wp-block-file__embed\" data=\"https:\/\/mwc-cmm.org\/wp-content\/uploads\/2024\/11\/covid-19_week_of_prayer_daily_reflection-final-de.pdf\" type=\"application\/pdf\" style=\"width:100%;height:600px\" aria-label=\"Einbettung von covid-19_week_of_prayer_daily_reflection-final-de.\"><\/object><a id=\"wp-block-file--media-586676b7-4ab1-4894-8e1f-f5b92b1b1ac0\" href=\"https:\/\/mwc-cmm.org\/wp-content\/uploads\/2024\/11\/covid-19_week_of_prayer_daily_reflection-final-de.pdf\">covid-19_week_of_prayer_daily_reflection-final-de<\/a><a href=\"https:\/\/mwc-cmm.org\/wp-content\/uploads\/2024\/11\/covid-19_week_of_prayer_daily_reflection-final-de.pdf\" class=\"wp-block-file__button wp-element-button\" download aria-describedby=\"wp-block-file--media-586676b7-4ab1-4894-8e1f-f5b92b1b1ac0\">Download<\/a><\/div>\n","protected":false},"featured_media":0,"template":"","network":[],"resourcetype":[],"language":[169],"resourcecategory":[146],"resourcetheme":[],"eventcategory":[],"class_list":["post-17120","mwcresource","type-mwcresource","status-publish","hentry","language-de","resourcecategory-worship-resource"],"acf":[],"yoast_head":"<!-- This site is optimized with the Yoast SEO plugin v27.2 - https:\/\/yoast.com\/product\/yoast-seo-wordpress\/ -->\n<title>Gebetswoche zur COVID-19-Pandemie - Mennonite World Conference<\/title>\n<meta name=\"robots\" content=\"index, follow, max-snippet:-1, max-image-preview:large, max-video-preview:-1\" \/>\n<link rel=\"canonical\" href=\"https:\/\/mwc-cmm.org\/en\/resources\/week-prayer-covid-19-pandemic\/\" \/>\n<meta property=\"og:locale\" content=\"de_DE\" \/>\n<meta property=\"og:type\" content=\"article\" \/>\n<meta property=\"og:title\" content=\"Gebetswoche zur COVID-19-Pandemie - Mennonite World Conference\" \/>\n<meta property=\"og:description\" content=\"Montag, 22. M\u00e4rz 2021 Tag 1 Klagegebete Dienstag, 23. M\u00e4rz 2021 Tag 2 Gebete f\u00fcr Gemeinschaften in Schmerz und Leid Mittwoch, 24. M\u00e4rz 2021 Tag 3 Gebete f\u00fcr F\u00fchrungskr\u00e4fte Donnerstag, 25. M\u00e4rz 2021 Tag 4 Gebete um Heilung Freitag, 26. M\u00e4rz 2021 Tag 5 Gebete um Schutz\" \/>\n<meta property=\"og:url\" content=\"https:\/\/mwc-cmm.org\/en\/resources\/week-prayer-covid-19-pandemic\/\" \/>\n<meta property=\"og:site_name\" content=\"Mennonite World Conference\" \/>\n<meta property=\"article:publisher\" content=\"https:\/\/www.facebook.com\/MennoniteWorldConference\" \/>\n<meta property=\"article:modified_time\" content=\"2024-12-13T00:34:42+00:00\" \/>\n<script type=\"application\/ld+json\" class=\"yoast-schema-graph\">{\"@context\":\"https:\/\/schema.org\",\"@graph\":[{\"@type\":\"WebPage\",\"@id\":\"https:\/\/mwc-cmm.org\/en\/resources\/week-prayer-covid-19-pandemic\/\",\"url\":\"https:\/\/mwc-cmm.org\/en\/resources\/week-prayer-covid-19-pandemic\/\",\"name\":\"Gebetswoche zur COVID-19-Pandemie - Mennonite World Conference\",\"isPartOf\":{\"@id\":\"https:\/\/mwc-cmm.org\/en\/#website\"},\"datePublished\":\"2020-09-19T17:39:57+00:00\",\"dateModified\":\"2024-12-13T00:34:42+00:00\",\"breadcrumb\":{\"@id\":\"https:\/\/mwc-cmm.org\/en\/resources\/week-prayer-covid-19-pandemic\/#breadcrumb\"},\"inLanguage\":\"de\",\"potentialAction\":[{\"@type\":\"ReadAction\",\"target\":[\"https:\/\/mwc-cmm.org\/en\/resources\/week-prayer-covid-19-pandemic\/\"]}]},{\"@type\":\"BreadcrumbList\",\"@id\":\"https:\/\/mwc-cmm.org\/en\/resources\/week-prayer-covid-19-pandemic\/#breadcrumb\",\"itemListElement\":[{\"@type\":\"ListItem\",\"position\":1,\"name\":\"Home\",\"item\":\"https:\/\/mwc-cmm.org\/de\/homepage\/\"},{\"@type\":\"ListItem\",\"position\":2,\"name\":\"Gebetswoche zur COVID-19-Pandemie\"}]},{\"@type\":\"WebSite\",\"@id\":\"https:\/\/mwc-cmm.org\/en\/#website\",\"url\":\"https:\/\/mwc-cmm.org\/en\/\",\"name\":\"Mennonite World Conference\",\"description\":\"A communion of Anabaptist-related churches\",\"publisher\":{\"@id\":\"https:\/\/mwc-cmm.org\/en\/#organization\"},\"alternateName\":\"MWC\",\"potentialAction\":[{\"@type\":\"SearchAction\",\"target\":{\"@type\":\"EntryPoint\",\"urlTemplate\":\"https:\/\/mwc-cmm.org\/en\/?s={search_term_string}\"},\"query-input\":{\"@type\":\"PropertyValueSpecification\",\"valueRequired\":true,\"valueName\":\"search_term_string\"}}],\"inLanguage\":\"de\"},{\"@type\":\"Organization\",\"@id\":\"https:\/\/mwc-cmm.org\/en\/#organization\",\"name\":\"Mennonite World Conference\",\"alternateName\":\"MWC\",\"url\":\"https:\/\/mwc-cmm.org\/en\/\",\"logo\":{\"@type\":\"ImageObject\",\"inLanguage\":\"de\",\"@id\":\"https:\/\/mwc-cmm.org\/en\/#\/schema\/logo\/image\/\",\"url\":\"https:\/\/mwc-cmm.org\/wp-content\/uploads\/2026\/01\/MWC_Sig_Blue_Horiz_webheader1-logo.svg\",\"contentUrl\":\"https:\/\/mwc-cmm.org\/wp-content\/uploads\/2026\/01\/MWC_Sig_Blue_Horiz_webheader1-logo.svg\",\"width\":786,\"height\":82,\"caption\":\"Mennonite World Conference\"},\"image\":{\"@id\":\"https:\/\/mwc-cmm.org\/en\/#\/schema\/logo\/image\/\"},\"sameAs\":[\"https:\/\/www.facebook.com\/MennoniteWorldConference\",\"https:\/\/www.linkedin.com\/company\/mennonite-world-conference-mwc\/\",\"https:\/\/www.instagram.com\/mwcmm\/\",\"https:\/\/www.youtube.com\/user\/mwccmm\",\"https:\/\/bsky.app\/profile\/mwcmm.bsky.social\"]}]}<\/script>\n<!-- \/ Yoast SEO plugin. -->","yoast_head_json":{"title":"Gebetswoche zur COVID-19-Pandemie - Mennonite World Conference","robots":{"index":"index","follow":"follow","max-snippet":"max-snippet:-1","max-image-preview":"max-image-preview:large","max-video-preview":"max-video-preview:-1"},"canonical":"https:\/\/mwc-cmm.org\/en\/resources\/week-prayer-covid-19-pandemic\/","og_locale":"de_DE","og_type":"article","og_title":"Gebetswoche zur COVID-19-Pandemie - Mennonite World Conference","og_description":"Montag, 22. M\u00e4rz 2021 Tag 1 Klagegebete Dienstag, 23. M\u00e4rz 2021 Tag 2 Gebete f\u00fcr Gemeinschaften in Schmerz und Leid Mittwoch, 24. M\u00e4rz 2021 Tag 3 Gebete f\u00fcr F\u00fchrungskr\u00e4fte Donnerstag, 25. M\u00e4rz 2021 Tag 4 Gebete um Heilung Freitag, 26. M\u00e4rz 2021 Tag 5 Gebete um Schutz","og_url":"https:\/\/mwc-cmm.org\/en\/resources\/week-prayer-covid-19-pandemic\/","og_site_name":"Mennonite World Conference","article_publisher":"https:\/\/www.facebook.com\/MennoniteWorldConference","article_modified_time":"2024-12-13T00:34:42+00:00","schema":{"@context":"https:\/\/schema.org","@graph":[{"@type":"WebPage","@id":"https:\/\/mwc-cmm.org\/en\/resources\/week-prayer-covid-19-pandemic\/","url":"https:\/\/mwc-cmm.org\/en\/resources\/week-prayer-covid-19-pandemic\/","name":"Gebetswoche zur COVID-19-Pandemie - Mennonite World Conference","isPartOf":{"@id":"https:\/\/mwc-cmm.org\/en\/#website"},"datePublished":"2020-09-19T17:39:57+00:00","dateModified":"2024-12-13T00:34:42+00:00","breadcrumb":{"@id":"https:\/\/mwc-cmm.org\/en\/resources\/week-prayer-covid-19-pandemic\/#breadcrumb"},"inLanguage":"de","potentialAction":[{"@type":"ReadAction","target":["https:\/\/mwc-cmm.org\/en\/resources\/week-prayer-covid-19-pandemic\/"]}]},{"@type":"BreadcrumbList","@id":"https:\/\/mwc-cmm.org\/en\/resources\/week-prayer-covid-19-pandemic\/#breadcrumb","itemListElement":[{"@type":"ListItem","position":1,"name":"Home","item":"https:\/\/mwc-cmm.org\/de\/homepage\/"},{"@type":"ListItem","position":2,"name":"Gebetswoche zur COVID-19-Pandemie"}]},{"@type":"WebSite","@id":"https:\/\/mwc-cmm.org\/en\/#website","url":"https:\/\/mwc-cmm.org\/en\/","name":"Mennonite World Conference","description":"A communion of Anabaptist-related churches","publisher":{"@id":"https:\/\/mwc-cmm.org\/en\/#organization"},"alternateName":"MWC","potentialAction":[{"@type":"SearchAction","target":{"@type":"EntryPoint","urlTemplate":"https:\/\/mwc-cmm.org\/en\/?s={search_term_string}"},"query-input":{"@type":"PropertyValueSpecification","valueRequired":true,"valueName":"search_term_string"}}],"inLanguage":"de"},{"@type":"Organization","@id":"https:\/\/mwc-cmm.org\/en\/#organization","name":"Mennonite World Conference","alternateName":"MWC","url":"https:\/\/mwc-cmm.org\/en\/","logo":{"@type":"ImageObject","inLanguage":"de","@id":"https:\/\/mwc-cmm.org\/en\/#\/schema\/logo\/image\/","url":"https:\/\/mwc-cmm.org\/wp-content\/uploads\/2026\/01\/MWC_Sig_Blue_Horiz_webheader1-logo.svg","contentUrl":"https:\/\/mwc-cmm.org\/wp-content\/uploads\/2026\/01\/MWC_Sig_Blue_Horiz_webheader1-logo.svg","width":786,"height":82,"caption":"Mennonite World Conference"},"image":{"@id":"https:\/\/mwc-cmm.org\/en\/#\/schema\/logo\/image\/"},"sameAs":["https:\/\/www.facebook.com\/MennoniteWorldConference","https:\/\/www.linkedin.com\/company\/mennonite-world-conference-mwc\/","https:\/\/www.instagram.com\/mwcmm\/","https:\/\/www.youtube.com\/user\/mwccmm","https:\/\/bsky.app\/profile\/mwcmm.bsky.social"]}]}},"_links":{"self":[{"href":"https:\/\/mwc-cmm.org\/de\/wp-json\/wp\/v2\/mwcresource\/17120","targetHints":{"allow":["GET"]}}],"collection":[{"href":"https:\/\/mwc-cmm.org\/de\/wp-json\/wp\/v2\/mwcresource"}],"about":[{"href":"https:\/\/mwc-cmm.org\/de\/wp-json\/wp\/v2\/types\/mwcresource"}],"wp:attachment":[{"href":"https:\/\/mwc-cmm.org\/de\/wp-json\/wp\/v2\/media?parent=17120"}],"wp:term":[{"taxonomy":"network","embeddable":true,"href":"https:\/\/mwc-cmm.org\/de\/wp-json\/wp\/v2\/network?post=17120"},{"taxonomy":"resourcetype","embeddable":true,"href":"https:\/\/mwc-cmm.org\/de\/wp-json\/wp\/v2\/resourcetype?post=17120"},{"taxonomy":"language","embeddable":true,"href":"https:\/\/mwc-cmm.org\/de\/wp-json\/wp\/v2\/language?post=17120"},{"taxonomy":"resourcecategory","embeddable":true,"href":"https:\/\/mwc-cmm.org\/de\/wp-json\/wp\/v2\/resourcecategory?post=17120"},{"taxonomy":"resourcetheme","embeddable":true,"href":"https:\/\/mwc-cmm.org\/de\/wp-json\/wp\/v2\/resourcetheme?post=17120"},{"taxonomy":"eventcategory","embeddable":true,"href":"https:\/\/mwc-cmm.org\/de\/wp-json\/wp\/v2\/eventcategory?post=17120"}],"curies":[{"name":"wp","href":"https:\/\/api.w.org\/{rel}","templated":true}]}}

<p class="has-text-align-center"><strong>Montag, 22. März 2021</strong></p>



<p class="has-text-align-center"><strong>Tag 1</strong></p>



<p class="has-text-align-center"><strong>Klagegebete</strong></p>



<hr class="wp-block-separator has-alpha-channel-opacity"/>



<p class="has-text-align-center"><strong>Dienstag, 23. März 2021</strong></p>



<p class="has-text-align-center"><strong>Tag 2</strong></p>



<p class="has-text-align-center"><strong>Gebete für Gemeinschaften in Schmerz und Leid</strong></p>



<hr class="wp-block-separator has-alpha-channel-opacity"/>



<p class="has-text-align-center"><strong>Mittwoch, 24. März 2021</strong></p>



<p class="has-text-align-center"><strong>Tag 3</strong></p>



<p class="has-text-align-center"><strong><strong>Gebete für Führungskräfte</strong></strong></p>



<hr class="wp-block-separator has-alpha-channel-opacity"/>



<p class="has-text-align-center"><strong>Donnerstag, 25. März 2021</strong></p>



<p class="has-text-align-center"><strong>Tag 4</strong></p>



<p class="has-text-align-center"><strong>Gebete um Heilung</strong></p>



<hr class="wp-block-separator has-alpha-channel-opacity"/>



<p class="has-text-align-center"><strong>Freitag, 26. März 2021</strong></p>



<p class="has-text-align-center"><strong>Tag 5</strong></p>



<p class="has-text-align-center"><strong>Gebete um Schutz</strong></p>



<div data-wp-interactive="core/file" class="wp-block-file"><object data-wp-bind--hidden="!state.hasPdfPreview" hidden class="wp-block-file__embed" data="https://mwc-cmm.org/wp-content/uploads/2024/11/covid-19_week_of_prayer_daily_reflection-final-de.pdf" type="application/pdf" style="width:100%;height:600px" aria-label="Einbettung von covid-19_week_of_prayer_daily_reflection-final-de."></object><a id="wp-block-file--media-586676b7-4ab1-4894-8e1f-f5b92b1b1ac0" href="https://mwc-cmm.org/wp-content/uploads/2024/11/covid-19_week_of_prayer_daily_reflection-final-de.pdf">covid-19_week_of_prayer_daily_reflection-final-de</a><a href="https://mwc-cmm.org/wp-content/uploads/2024/11/covid-19_week_of_prayer_daily_reflection-final-de.pdf" class="wp-block-file__button wp-element-button" download aria-describedby="wp-block-file--media-586676b7-4ab1-4894-8e1f-f5b92b1b1ac0">Download</a></div>

<!-- This site is optimized with the Yoast SEO plugin v27.2 - https://yoast.com/product/yoast-seo-wordpress/ -->
<title>Gebetswoche zur COVID-19-Pandemie - Mennonite World Conference</title>
<meta name="robots" content="index, follow, max-snippet:-1, max-image-preview:large, max-video-preview:-1" />
<link rel="canonical" href="https://mwc-cmm.org/en/resources/week-prayer-covid-19-pandemic/" />
<meta property="og:locale" content="de_DE" />
<meta property="og:type" content="article" />
<meta property="og:title" content="Gebetswoche zur COVID-19-Pandemie - Mennonite World Conference" />
<meta property="og:description" content="Montag, 22. März 2021 Tag 1 Klagegebete Dienstag, 23. März 2021 Tag 2 Gebete für Gemeinschaften in Schmerz und Leid Mittwoch, 24. März 2021 Tag 3 Gebete für Führungskräfte Donnerstag, 25. März 2021 Tag 4 Gebete um Heilung Freitag, 26. März 2021 Tag 5 Gebete um Schutz" />
<meta property="og:url" content="https://mwc-cmm.org/en/resources/week-prayer-covid-19-pandemic/" />
<meta property="og:site_name" content="Mennonite World Conference" />
<meta property="article:publisher" content="https://www.facebook.com/MennoniteWorldConference" />
<meta property="article:modified_time" content="2024-12-13T00:34:42+00:00" />
<script type="application/ld+json" class="yoast-schema-graph">{"@context":"https://schema.org","@graph":[{"@type":"WebPage","@id":"https://mwc-cmm.org/en/resources/week-prayer-covid-19-pandemic/","url":"https://mwc-cmm.org/en/resources/week-prayer-covid-19-pandemic/","name":"Gebetswoche zur COVID-19-Pandemie - Mennonite World Conference","isPartOf":{"@id":"https://mwc-cmm.org/en/#website"},"datePublished":"2020-09-19T17:39:57+00:00","dateModified":"2024-12-13T00:34:42+00:00","breadcrumb":{"@id":"https://mwc-cmm.org/en/resources/week-prayer-covid-19-pandemic/#breadcrumb"},"inLanguage":"de","potentialAction":[{"@type":"ReadAction","target":["https://mwc-cmm.org/en/resources/week-prayer-covid-19-pandemic/"]}]},{"@type":"BreadcrumbList","@id":"https://mwc-cmm.org/en/resources/week-prayer-covid-19-pandemic/#breadcrumb","itemListElement":[{"@type":"ListItem","position":1,"name":"Home","item":"https://mwc-cmm.org/de/homepage/"},{"@type":"ListItem","position":2,"name":"Gebetswoche zur COVID-19-Pandemie"}]},{"@type":"WebSite","@id":"https://mwc-cmm.org/en/#website","url":"https://mwc-cmm.org/en/","name":"Mennonite World Conference","description":"A communion of Anabaptist-related churches","publisher":{"@id":"https://mwc-cmm.org/en/#organization"},"alternateName":"MWC","potentialAction":[{"@type":"SearchAction","target":{"@type":"EntryPoint","urlTemplate":"https://mwc-cmm.org/en/?s={search_term_string}"},"query-input":{"@type":"PropertyValueSpecification","valueRequired":true,"valueName":"search_term_string"}}],"inLanguage":"de"},{"@type":"Organization","@id":"https://mwc-cmm.org/en/#organization","name":"Mennonite World Conference","alternateName":"MWC","url":"https://mwc-cmm.org/en/","logo":{"@type":"ImageObject","inLanguage":"de","@id":"https://mwc-cmm.org/en/#/schema/logo/image/","url":"https://mwc-cmm.org/wp-content/uploads/2026/01/MWC_Sig_Blue_Horiz_webheader1-logo.svg","contentUrl":"https://mwc-cmm.org/wp-content/uploads/2026/01/MWC_Sig_Blue_Horiz_webheader1-logo.svg","width":786,"height":82,"caption":"Mennonite World Conference"},"image":{"@id":"https://mwc-cmm.org/en/#/schema/logo/image/"},"sameAs":["https://www.facebook.com/MennoniteWorldConference","https://www.linkedin.com/company/mennonite-world-conference-mwc/","https://www.instagram.com/mwcmm/","https://www.youtube.com/user/mwccmm","https://bsky.app/profile/mwcmm.bsky.social"]}]}</script>
<!-- / Yoast SEO plugin. -->

Montag, 22. März 2021 Tag 1 Klagegebete Dienstag, 23. März 2021 Tag 2 Gebete für Gemeinschaften in Schmerz und Leid Mittwoch, 24. März 2021 Tag 3 Gebete für Führungskräfte Donnerstag, 25. März 2021 Tag 4 Gebete um Heilung Freitag, 26. März 2021 Tag 5 Gebete um Schutz
