{"id":124592,"date":"2024-11-19T17:39:46","date_gmt":"2024-11-19T17:39:46","guid":{"rendered":"https:\/\/mwc-cmm.org\/resources\/jahresrueckblick\/"},"modified":"2026-03-01T14:49:28","modified_gmt":"2026-03-01T14:49:28","slug":"jahresrueckblick","status":"publish","type":"mwcresource","link":"https:\/\/mwc-cmm.org\/de\/resources\/jahresrueckblick\/","title":{"rendered":"Jahresr\u00fcckblick"},"content":{"rendered":"\n<h2 class=\"wp-block-heading\">2020<\/h2>\n\n\n\n<figure class=\"wp-block-embed is-type-video is-provider-youtube wp-block-embed-youtube wp-embed-aspect-16-9 wp-has-aspect-ratio\"><div class=\"wp-block-embed__wrapper\">\n<iframe title=\"Jahresr\u00fcckblick 2020\" width=\"500\" height=\"281\" data-src=\"https:\/\/www.youtube.com\/embed\/_YXRGx50Iug?list=PLrO98PUzjOB2esjj7G79STg2gRbn1Ih2Z\" frameborder=\"0\" allow=\"accelerometer; autoplay; clipboard-write; encrypted-media; gyroscope; picture-in-picture; web-share\" referrerpolicy=\"strict-origin-when-cross-origin\" allowfullscreen src=\"data:image\/svg+xml;base64,PHN2ZyB3aWR0aD0iMSIgaGVpZ2h0PSIxIiB4bWxucz0iaHR0cDovL3d3dy53My5vcmcvMjAwMC9zdmciPjwvc3ZnPg==\" class=\"lazyload\" data-load-mode=\"1\"><\/iframe>\n<\/div><\/figure>\n\n\n\n<p>Dieses Jahr mussten wir unsere Pl\u00e4ne drastisch \u00e4ndern. Die Pandemie zwang uns, alles zu \u00fcberdenken. Wie wir arbeiten, wie wir uns zum Gebet versammeln und selbst, wie wir unsere Beziehungen leben. Der Jahresr\u00fcckblick 2020 der Mennonitischen Weltkonferenz ist jetzt auch auf Deutsch verf\u00fcgbar.<\/p>\n\n\n\n<hr class=\"wp-block-separator has-alpha-channel-opacity\"\/>\n\n\n\n<h2 class=\"wp-block-heading\">2018<\/h2>\n\n\n\n<figure class=\"wp-block-embed is-type-video is-provider-youtube wp-block-embed-youtube wp-embed-aspect-16-9 wp-has-aspect-ratio\"><div class=\"wp-block-embed__wrapper\">\n<iframe title=\"MWK - Jahresr\u00fcckblick 2018\" width=\"500\" height=\"281\" data-src=\"https:\/\/www.youtube.com\/embed\/BncBwvHBSqk?list=PLrO98PUzjOB2esjj7G79STg2gRbn1Ih2Z\" frameborder=\"0\" allow=\"accelerometer; autoplay; clipboard-write; encrypted-media; gyroscope; picture-in-picture; web-share\" referrerpolicy=\"strict-origin-when-cross-origin\" allowfullscreen src=\"data:image\/svg+xml;base64,PHN2ZyB3aWR0aD0iMSIgaGVpZ2h0PSIxIiB4bWxucz0iaHR0cDovL3d3dy53My5vcmcvMjAwMC9zdmciPjwvc3ZnPg==\" class=\"lazyload\" data-load-mode=\"1\"><\/iframe>\n<\/div><\/figure>\n\n\n\n<p>Miteinander durch den Heiligen Geist transformiert. Teile dieses Video am Weltgemeinschaftssonntag, es zeigt unsere Zusammenarbeit f\u00fcr Frieden und Gerechtigkeit in der Kraft des Heiligen Geistes in 2018.<br><\/p>\n","protected":false},"featured_media":0,"template":"","network":[],"resourcetype":[1329],"language":[165,1351,167],"resourcecategory":[1365],"resourcetheme":[327,310],"eventcategory":[300],"class_list":["post-124592","mwcresource","type-mwcresource","status-publish","hentry","resourcetype-video-2","language-en","language-es-pt-pt","language-fr","resourcecategory-worship-resource-2","resourcetheme-identity","resourcetheme-statistics","eventcategory-anabaptist-world-fellowship-sunday"],"acf":[],"yoast_head":"<!-- This site is optimized with the Yoast SEO plugin v27.5 - https:\/\/yoast.com\/product\/yoast-seo-wordpress\/ -->\n<title>Jahresr\u00fcckblick - Mennonite World Conference<\/title>\n<meta name=\"robots\" content=\"index, follow, max-snippet:-1, max-image-preview:large, max-video-preview:-1\" \/>\n<link rel=\"canonical\" href=\"https:\/\/mwc-cmm.org\/de\/resources\/jahresrueckblick\/\" \/>\n<meta property=\"og:locale\" content=\"de_DE\" \/>\n<meta property=\"og:type\" content=\"article\" \/>\n<meta property=\"og:title\" content=\"Jahresr\u00fcckblick - Mennonite World Conference\" \/>\n<meta property=\"og:description\" content=\"2020 Dieses Jahr mussten wir unsere Pl\u00e4ne drastisch \u00e4ndern. Die Pandemie zwang uns, alles zu \u00fcberdenken. Wie wir arbeiten, wie wir uns zum Gebet versammeln und selbst, wie wir unsere Beziehungen leben. Der Jahresr\u00fcckblick 2020 der Mennonitischen Weltkonferenz ist jetzt auch auf Deutsch verf\u00fcgbar. 2018 Miteinander durch den Heiligen Geist transformiert. Teile dieses Video am [&hellip;]\" \/>\n<meta property=\"og:url\" content=\"https:\/\/mwc-cmm.org\/de\/resources\/jahresrueckblick\/\" \/>\n<meta property=\"og:site_name\" content=\"Mennonite World Conference\" \/>\n<meta property=\"article:publisher\" content=\"https:\/\/www.facebook.com\/MennoniteWorldConference\" \/>\n<meta property=\"article:modified_time\" content=\"2026-03-01T14:49:28+00:00\" \/>\n<script type=\"application\/ld+json\" class=\"yoast-schema-graph\">{\"@context\":\"https:\\\/\\\/schema.org\",\"@graph\":[{\"@type\":\"WebPage\",\"@id\":\"https:\\\/\\\/mwc-cmm.org\\\/de\\\/resources\\\/jahresrueckblick\\\/\",\"url\":\"https:\\\/\\\/mwc-cmm.org\\\/de\\\/resources\\\/jahresrueckblick\\\/\",\"name\":\"Jahresr\u00fcckblick - Mennonite World Conference\",\"isPartOf\":{\"@id\":\"https:\\\/\\\/mwc-cmm.org\\\/en\\\/#website\"},\"datePublished\":\"2024-11-19T17:39:46+00:00\",\"dateModified\":\"2026-03-01T14:49:28+00:00\",\"breadcrumb\":{\"@id\":\"https:\\\/\\\/mwc-cmm.org\\\/de\\\/resources\\\/jahresrueckblick\\\/#breadcrumb\"},\"inLanguage\":\"de\",\"potentialAction\":[{\"@type\":\"ReadAction\",\"target\":[\"https:\\\/\\\/mwc-cmm.org\\\/de\\\/resources\\\/jahresrueckblick\\\/\"]}]},{\"@type\":\"BreadcrumbList\",\"@id\":\"https:\\\/\\\/mwc-cmm.org\\\/de\\\/resources\\\/jahresrueckblick\\\/#breadcrumb\",\"itemListElement\":[{\"@type\":\"ListItem\",\"position\":1,\"name\":\"Home\",\"item\":\"https:\\\/\\\/mwc-cmm.org\\\/de\\\/homepage\\\/\"},{\"@type\":\"ListItem\",\"position\":2,\"name\":\"Jahresr\u00fcckblick\"}]},{\"@type\":\"WebSite\",\"@id\":\"https:\\\/\\\/mwc-cmm.org\\\/en\\\/#website\",\"url\":\"https:\\\/\\\/mwc-cmm.org\\\/en\\\/\",\"name\":\"Mennonite World Conference\",\"description\":\"A communion of Anabaptist-related churches\",\"publisher\":{\"@id\":\"https:\\\/\\\/mwc-cmm.org\\\/en\\\/#organization\"},\"alternateName\":\"MWC\",\"potentialAction\":[{\"@type\":\"SearchAction\",\"target\":{\"@type\":\"EntryPoint\",\"urlTemplate\":\"https:\\\/\\\/mwc-cmm.org\\\/en\\\/?s={search_term_string}\"},\"query-input\":{\"@type\":\"PropertyValueSpecification\",\"valueRequired\":true,\"valueName\":\"search_term_string\"}}],\"inLanguage\":\"de\"},{\"@type\":\"Organization\",\"@id\":\"https:\\\/\\\/mwc-cmm.org\\\/en\\\/#organization\",\"name\":\"Mennonite World Conference\",\"alternateName\":\"MWC\",\"url\":\"https:\\\/\\\/mwc-cmm.org\\\/en\\\/\",\"logo\":{\"@type\":\"ImageObject\",\"inLanguage\":\"de\",\"@id\":\"https:\\\/\\\/mwc-cmm.org\\\/en\\\/#\\\/schema\\\/logo\\\/image\\\/\",\"url\":\"https:\\\/\\\/mwc-cmm.org\\\/wp-content\\\/uploads\\\/2026\\\/01\\\/MWC_Sig_Blue_Horiz_webheader1-logo.svg\",\"contentUrl\":\"https:\\\/\\\/mwc-cmm.org\\\/wp-content\\\/uploads\\\/2026\\\/01\\\/MWC_Sig_Blue_Horiz_webheader1-logo.svg\",\"width\":786,\"height\":82,\"caption\":\"Mennonite World Conference\"},\"image\":{\"@id\":\"https:\\\/\\\/mwc-cmm.org\\\/en\\\/#\\\/schema\\\/logo\\\/image\\\/\"},\"sameAs\":[\"https:\\\/\\\/www.facebook.com\\\/MennoniteWorldConference\",\"https:\\\/\\\/www.linkedin.com\\\/company\\\/mennonite-world-conference-mwc\\\/\",\"https:\\\/\\\/www.instagram.com\\\/mwcmm\\\/\",\"https:\\\/\\\/www.youtube.com\\\/user\\\/mwccmm\",\"https:\\\/\\\/bsky.app\\\/profile\\\/mwcmm.bsky.social\"]}]}<\/script>\n<!-- \/ Yoast SEO plugin. -->","yoast_head_json":{"title":"Jahresr\u00fcckblick - Mennonite World Conference","robots":{"index":"index","follow":"follow","max-snippet":"max-snippet:-1","max-image-preview":"max-image-preview:large","max-video-preview":"max-video-preview:-1"},"canonical":"https:\/\/mwc-cmm.org\/de\/resources\/jahresrueckblick\/","og_locale":"de_DE","og_type":"article","og_title":"Jahresr\u00fcckblick - Mennonite World Conference","og_description":"2020 Dieses Jahr mussten wir unsere Pl\u00e4ne drastisch \u00e4ndern. Die Pandemie zwang uns, alles zu \u00fcberdenken. Wie wir arbeiten, wie wir uns zum Gebet versammeln und selbst, wie wir unsere Beziehungen leben. Der Jahresr\u00fcckblick 2020 der Mennonitischen Weltkonferenz ist jetzt auch auf Deutsch verf\u00fcgbar. 2018 Miteinander durch den Heiligen Geist transformiert. Teile dieses Video am [&hellip;]","og_url":"https:\/\/mwc-cmm.org\/de\/resources\/jahresrueckblick\/","og_site_name":"Mennonite World Conference","article_publisher":"https:\/\/www.facebook.com\/MennoniteWorldConference","article_modified_time":"2026-03-01T14:49:28+00:00","schema":{"@context":"https:\/\/schema.org","@graph":[{"@type":"WebPage","@id":"https:\/\/mwc-cmm.org\/de\/resources\/jahresrueckblick\/","url":"https:\/\/mwc-cmm.org\/de\/resources\/jahresrueckblick\/","name":"Jahresr\u00fcckblick - Mennonite World Conference","isPartOf":{"@id":"https:\/\/mwc-cmm.org\/en\/#website"},"datePublished":"2024-11-19T17:39:46+00:00","dateModified":"2026-03-01T14:49:28+00:00","breadcrumb":{"@id":"https:\/\/mwc-cmm.org\/de\/resources\/jahresrueckblick\/#breadcrumb"},"inLanguage":"de","potentialAction":[{"@type":"ReadAction","target":["https:\/\/mwc-cmm.org\/de\/resources\/jahresrueckblick\/"]}]},{"@type":"BreadcrumbList","@id":"https:\/\/mwc-cmm.org\/de\/resources\/jahresrueckblick\/#breadcrumb","itemListElement":[{"@type":"ListItem","position":1,"name":"Home","item":"https:\/\/mwc-cmm.org\/de\/homepage\/"},{"@type":"ListItem","position":2,"name":"Jahresr\u00fcckblick"}]},{"@type":"WebSite","@id":"https:\/\/mwc-cmm.org\/en\/#website","url":"https:\/\/mwc-cmm.org\/en\/","name":"Mennonite World Conference","description":"A communion of Anabaptist-related churches","publisher":{"@id":"https:\/\/mwc-cmm.org\/en\/#organization"},"alternateName":"MWC","potentialAction":[{"@type":"SearchAction","target":{"@type":"EntryPoint","urlTemplate":"https:\/\/mwc-cmm.org\/en\/?s={search_term_string}"},"query-input":{"@type":"PropertyValueSpecification","valueRequired":true,"valueName":"search_term_string"}}],"inLanguage":"de"},{"@type":"Organization","@id":"https:\/\/mwc-cmm.org\/en\/#organization","name":"Mennonite World Conference","alternateName":"MWC","url":"https:\/\/mwc-cmm.org\/en\/","logo":{"@type":"ImageObject","inLanguage":"de","@id":"https:\/\/mwc-cmm.org\/en\/#\/schema\/logo\/image\/","url":"https:\/\/mwc-cmm.org\/wp-content\/uploads\/2026\/01\/MWC_Sig_Blue_Horiz_webheader1-logo.svg","contentUrl":"https:\/\/mwc-cmm.org\/wp-content\/uploads\/2026\/01\/MWC_Sig_Blue_Horiz_webheader1-logo.svg","width":786,"height":82,"caption":"Mennonite World Conference"},"image":{"@id":"https:\/\/mwc-cmm.org\/en\/#\/schema\/logo\/image\/"},"sameAs":["https:\/\/www.facebook.com\/MennoniteWorldConference","https:\/\/www.linkedin.com\/company\/mennonite-world-conference-mwc\/","https:\/\/www.instagram.com\/mwcmm\/","https:\/\/www.youtube.com\/user\/mwccmm","https:\/\/bsky.app\/profile\/mwcmm.bsky.social"]}]}},"_links":{"self":[{"href":"https:\/\/mwc-cmm.org\/de\/wp-json\/wp\/v2\/mwcresource\/124592","targetHints":{"allow":["GET"]}}],"collection":[{"href":"https:\/\/mwc-cmm.org\/de\/wp-json\/wp\/v2\/mwcresource"}],"about":[{"href":"https:\/\/mwc-cmm.org\/de\/wp-json\/wp\/v2\/types\/mwcresource"}],"wp:attachment":[{"href":"https:\/\/mwc-cmm.org\/de\/wp-json\/wp\/v2\/media?parent=124592"}],"wp:term":[{"taxonomy":"network","embeddable":true,"href":"https:\/\/mwc-cmm.org\/de\/wp-json\/wp\/v2\/network?post=124592"},{"taxonomy":"resourcetype","embeddable":true,"href":"https:\/\/mwc-cmm.org\/de\/wp-json\/wp\/v2\/resourcetype?post=124592"},{"taxonomy":"language","embeddable":true,"href":"https:\/\/mwc-cmm.org\/de\/wp-json\/wp\/v2\/language?post=124592"},{"taxonomy":"resourcecategory","embeddable":true,"href":"https:\/\/mwc-cmm.org\/de\/wp-json\/wp\/v2\/resourcecategory?post=124592"},{"taxonomy":"resourcetheme","embeddable":true,"href":"https:\/\/mwc-cmm.org\/de\/wp-json\/wp\/v2\/resourcetheme?post=124592"},{"taxonomy":"eventcategory","embeddable":true,"href":"https:\/\/mwc-cmm.org\/de\/wp-json\/wp\/v2\/eventcategory?post=124592"}],"curies":[{"name":"wp","href":"https:\/\/api.w.org\/{rel}","templated":true}]}}

Jahresrückblick

<h2 class="wp-block-heading">2020</h2>



<figure class="wp-block-embed is-type-video is-provider-youtube wp-block-embed-youtube wp-embed-aspect-16-9 wp-has-aspect-ratio"><div class="wp-block-embed__wrapper">
<iframe title="Jahresrückblick 2020" width="500" height="281" data-src="https://www.youtube.com/embed/_YXRGx50Iug?list=PLrO98PUzjOB2esjj7G79STg2gRbn1Ih2Z" frameborder="0" allow="accelerometer; autoplay; clipboard-write; encrypted-media; gyroscope; picture-in-picture; web-share" referrerpolicy="strict-origin-when-cross-origin" allowfullscreen src="data:image/svg+xml;base64,PHN2ZyB3aWR0aD0iMSIgaGVpZ2h0PSIxIiB4bWxucz0iaHR0cDovL3d3dy53My5vcmcvMjAwMC9zdmciPjwvc3ZnPg==" class="lazyload" data-load-mode="1"></iframe>
</div></figure>



<p>Dieses Jahr mussten wir unsere Pläne drastisch ändern. Die Pandemie zwang uns, alles zu überdenken. Wie wir arbeiten, wie wir uns zum Gebet versammeln und selbst, wie wir unsere Beziehungen leben. Der Jahresrückblick 2020 der Mennonitischen Weltkonferenz ist jetzt auch auf Deutsch verfügbar.</p>



<hr class="wp-block-separator has-alpha-channel-opacity"/>



<h2 class="wp-block-heading">2018</h2>



<figure class="wp-block-embed is-type-video is-provider-youtube wp-block-embed-youtube wp-embed-aspect-16-9 wp-has-aspect-ratio"><div class="wp-block-embed__wrapper">
<iframe title="MWK - Jahresrückblick 2018" width="500" height="281" data-src="https://www.youtube.com/embed/BncBwvHBSqk?list=PLrO98PUzjOB2esjj7G79STg2gRbn1Ih2Z" frameborder="0" allow="accelerometer; autoplay; clipboard-write; encrypted-media; gyroscope; picture-in-picture; web-share" referrerpolicy="strict-origin-when-cross-origin" allowfullscreen src="data:image/svg+xml;base64,PHN2ZyB3aWR0aD0iMSIgaGVpZ2h0PSIxIiB4bWxucz0iaHR0cDovL3d3dy53My5vcmcvMjAwMC9zdmciPjwvc3ZnPg==" class="lazyload" data-load-mode="1"></iframe>
</div></figure>



<p>Miteinander durch den Heiligen Geist transformiert. Teile dieses Video am Weltgemeinschaftssonntag, es zeigt unsere Zusammenarbeit für Frieden und Gerechtigkeit in der Kraft des Heiligen Geistes in 2018.<br></p>

<!-- This site is optimized with the Yoast SEO plugin v27.5 - https://yoast.com/product/yoast-seo-wordpress/ -->
<title>Jahresrückblick - Mennonite World Conference</title>
<meta name="robots" content="index, follow, max-snippet:-1, max-image-preview:large, max-video-preview:-1" />
<link rel="canonical" href="https://mwc-cmm.org/de/resources/jahresrueckblick/" />
<meta property="og:locale" content="de_DE" />
<meta property="og:type" content="article" />
<meta property="og:title" content="Jahresrückblick - Mennonite World Conference" />
<meta property="og:description" content="2020 Dieses Jahr mussten wir unsere Pläne drastisch ändern. Die Pandemie zwang uns, alles zu überdenken. Wie wir arbeiten, wie wir uns zum Gebet versammeln und selbst, wie wir unsere Beziehungen leben. Der Jahresrückblick 2020 der Mennonitischen Weltkonferenz ist jetzt auch auf Deutsch verfügbar. 2018 Miteinander durch den Heiligen Geist transformiert. Teile dieses Video am [&hellip;]" />
<meta property="og:url" content="https://mwc-cmm.org/de/resources/jahresrueckblick/" />
<meta property="og:site_name" content="Mennonite World Conference" />
<meta property="article:publisher" content="https://www.facebook.com/MennoniteWorldConference" />
<meta property="article:modified_time" content="2026-03-01T14:49:28+00:00" />
<script type="application/ld+json" class="yoast-schema-graph">{"@context":"https:\/\/schema.org","@graph":[{"@type":"WebPage","@id":"https:\/\/mwc-cmm.org\/de\/resources\/jahresrueckblick\/","url":"https:\/\/mwc-cmm.org\/de\/resources\/jahresrueckblick\/","name":"Jahresrückblick - Mennonite World Conference","isPartOf":{"@id":"https:\/\/mwc-cmm.org\/en\/#website"},"datePublished":"2024-11-19T17:39:46+00:00","dateModified":"2026-03-01T14:49:28+00:00","breadcrumb":{"@id":"https:\/\/mwc-cmm.org\/de\/resources\/jahresrueckblick\/#breadcrumb"},"inLanguage":"de","potentialAction":[{"@type":"ReadAction","target":["https:\/\/mwc-cmm.org\/de\/resources\/jahresrueckblick\/"]}]},{"@type":"BreadcrumbList","@id":"https:\/\/mwc-cmm.org\/de\/resources\/jahresrueckblick\/#breadcrumb","itemListElement":[{"@type":"ListItem","position":1,"name":"Home","item":"https:\/\/mwc-cmm.org\/de\/homepage\/"},{"@type":"ListItem","position":2,"name":"Jahresrückblick"}]},{"@type":"WebSite","@id":"https:\/\/mwc-cmm.org\/en\/#website","url":"https:\/\/mwc-cmm.org\/en\/","name":"Mennonite World Conference","description":"A communion of Anabaptist-related churches","publisher":{"@id":"https:\/\/mwc-cmm.org\/en\/#organization"},"alternateName":"MWC","potentialAction":[{"@type":"SearchAction","target":{"@type":"EntryPoint","urlTemplate":"https:\/\/mwc-cmm.org\/en\/?s={search_term_string}"},"query-input":{"@type":"PropertyValueSpecification","valueRequired":true,"valueName":"search_term_string"}}],"inLanguage":"de"},{"@type":"Organization","@id":"https:\/\/mwc-cmm.org\/en\/#organization","name":"Mennonite World Conference","alternateName":"MWC","url":"https:\/\/mwc-cmm.org\/en\/","logo":{"@type":"ImageObject","inLanguage":"de","@id":"https:\/\/mwc-cmm.org\/en\/#\/schema\/logo\/image\/","url":"https:\/\/mwc-cmm.org\/wp-content\/uploads\/2026\/01\/MWC_Sig_Blue_Horiz_webheader1-logo.svg","contentUrl":"https:\/\/mwc-cmm.org\/wp-content\/uploads\/2026\/01\/MWC_Sig_Blue_Horiz_webheader1-logo.svg","width":786,"height":82,"caption":"Mennonite World Conference"},"image":{"@id":"https:\/\/mwc-cmm.org\/en\/#\/schema\/logo\/image\/"},"sameAs":["https:\/\/www.facebook.com\/MennoniteWorldConference","https:\/\/www.linkedin.com\/company\/mennonite-world-conference-mwc\/","https:\/\/www.instagram.com\/mwcmm\/","https:\/\/www.youtube.com\/user\/mwccmm","https:\/\/bsky.app\/profile\/mwcmm.bsky.social"]}]}</script>
<!-- / Yoast SEO plugin. -->

Jahresrückblick - Mennonite World Conference

2020 Dieses Jahr mussten wir unsere Pläne drastisch ändern. Die Pandemie zwang uns, alles zu überdenken. Wie wir arbeiten, wie wir uns zum Gebet versammeln und selbst, wie wir unsere Beziehungen leben. Der Jahresrückblick 2020 der Mennonitischen Weltkonferenz ist jetzt auch auf Deutsch verfügbar. 2018 Miteinander durch den Heiligen Geist transformiert. Teile dieses Video am [&hellip;]
