{"version":"1.0","provider_name":"Mennonite World Conference","provider_url":"https:\/\/mwc-cmm.org\/de\/","author_name":"Stephanie Setiawan","author_url":"https:\/\/mwc-cmm.org\/de\/stories\/author\/stephanie\/","title":"Jahresr\u00fcckblick - Mennonite World Conference","type":"rich","width":600,"height":338,"html":"<blockquote class=\"wp-embedded-content\" data-secret=\"Sa4X7t1ckj\"><a href=\"https:\/\/mwc-cmm.org\/de\/resources\/jahresrueckblick\/\">Jahresr\u00fcckblick<\/a><\/blockquote><iframe sandbox=\"allow-scripts\" security=\"restricted\" src=\"https:\/\/mwc-cmm.org\/de\/resources\/jahresrueckblick\/embed\/#?secret=Sa4X7t1ckj\" width=\"600\" height=\"338\" title=\"&#8222;Jahresr\u00fcckblick&#8220; &#8212; Mennonite World Conference\" data-secret=\"Sa4X7t1ckj\" frameborder=\"0\" marginwidth=\"0\" marginheight=\"0\" scrolling=\"no\" class=\"wp-embedded-content\"><\/iframe><script>\n\/*! This file is auto-generated *\/\n!function(d,l){\"use strict\";l.querySelector&&d.addEventListener&&\"undefined\"!=typeof URL&&(d.wp=d.wp||{},d.wp.receiveEmbedMessage||(d.wp.receiveEmbedMessage=function(e){var t=e.data;if((t||t.secret||t.message||t.value)&&!\/[^a-zA-Z0-9]\/.test(t.secret)){for(var s,r,n,a=l.querySelectorAll('iframe[data-secret=\"'+t.secret+'\"]'),o=l.querySelectorAll('blockquote[data-secret=\"'+t.secret+'\"]'),c=new RegExp(\"^https?:$\",\"i\"),i=0;i<o.length;i++)o[i].style.display=\"none\";for(i=0;i<a.length;i++)s=a[i],e.source===s.contentWindow&&(s.removeAttribute(\"style\"),\"height\"===t.message?(1e3<(r=parseInt(t.value,10))?r=1e3:~~r<200&&(r=200),s.height=r):\"link\"===t.message&&(r=new URL(s.getAttribute(\"src\")),n=new URL(t.value),c.test(n.protocol))&&n.host===r.host&&l.activeElement===s&&(d.top.location.href=t.value))}},d.addEventListener(\"message\",d.wp.receiveEmbedMessage,!1),l.addEventListener(\"DOMContentLoaded\",function(){for(var e,t,s=l.querySelectorAll(\"iframe.wp-embedded-content\"),r=0;r<s.length;r++)(t=(e=s[r]).getAttribute(\"data-secret\"))||(t=Math.random().toString(36).substring(2,12),e.src+=\"#?secret=\"+t,e.setAttribute(\"data-secret\",t)),e.contentWindow.postMessage({message:\"ready\",secret:t},\"*\")},!1)))}(window,document);\n\/\/# sourceURL=https:\/\/mwc-cmm.org\/wp-includes\/js\/wp-embed.min.js\n<\/script>\n","description":"2020 Dieses Jahr mussten wir unsere Pl\u00e4ne drastisch \u00e4ndern. Die Pandemie zwang uns, alles zu \u00fcberdenken. Wie wir arbeiten, wie wir uns zum Gebet versammeln und selbst, wie wir unsere Beziehungen leben. Der Jahresr\u00fcckblick 2020 der Mennonitischen Weltkonferenz ist jetzt auch auf Deutsch verf\u00fcgbar. 2018 Miteinander durch den Heiligen Geist transformiert. Teile dieses Video am [&hellip;]"}

Jahresrückblick - Mennonite World Conference

<blockquote class="wp-embedded-content" data-secret="Sa4X7t1ckj"><a href="https://mwc-cmm.org/de/resources/jahresrueckblick/">Jahresrückblick</a></blockquote><iframe sandbox="allow-scripts" security="restricted" src="https://mwc-cmm.org/de/resources/jahresrueckblick/embed/#?secret=Sa4X7t1ckj" width="600" height="338" title="&#8222;Jahresrückblick&#8220; &#8212; Mennonite World Conference" data-secret="Sa4X7t1ckj" frameborder="0" marginwidth="0" marginheight="0" scrolling="no" class="wp-embedded-content"></iframe><script>
/*! This file is auto-generated */
!function(d,l){"use strict";l.querySelector&&d.addEventListener&&"undefined"!=typeof URL&&(d.wp=d.wp||{},d.wp.receiveEmbedMessage||(d.wp.receiveEmbedMessage=function(e){var t=e.data;if((t||t.secret||t.message||t.value)&&!/[^a-zA-Z0-9]/.test(t.secret)){for(var s,r,n,a=l.querySelectorAll('iframe[data-secret="'+t.secret+'"]'),o=l.querySelectorAll('blockquote[data-secret="'+t.secret+'"]'),c=new RegExp("^https?:$","i"),i=0;i<o.length;i++)o[i].style.display="none";for(i=0;i<a.length;i++)s=a[i],e.source===s.contentWindow&&(s.removeAttribute("style"),"height"===t.message?(1e3<(r=parseInt(t.value,10))?r=1e3:~~r<200&&(r=200),s.height=r):"link"===t.message&&(r=new URL(s.getAttribute("src")),n=new URL(t.value),c.test(n.protocol))&&n.host===r.host&&l.activeElement===s&&(d.top.location.href=t.value))}},d.addEventListener("message",d.wp.receiveEmbedMessage,!1),l.addEventListener("DOMContentLoaded",function(){for(var e,t,s=l.querySelectorAll("iframe.wp-embedded-content"),r=0;r<s.length;r++)(t=(e=s[r]).getAttribute("data-secret"))||(t=Math.random().toString(36).substring(2,12),e.src+="#?secret="+t,e.setAttribute("data-secret",t)),e.contentWindow.postMessage({message:"ready",secret:t},"*")},!1)))}(window,document);
//# sourceURL=https://mwc-cmm.org/wp-includes/js/wp-embed.min.js
</script>

2020 Dieses Jahr mussten wir unsere Pläne drastisch ändern. Die Pandemie zwang uns, alles zu überdenken. Wie wir arbeiten, wie wir uns zum Gebet versammeln und selbst, wie wir unsere Beziehungen leben. Der Jahresrückblick 2020 der Mennonitischen Weltkonferenz ist jetzt auch auf Deutsch verfügbar. 2018 Miteinander durch den Heiligen Geist transformiert. Teile dieses Video am [&hellip;]
